 5*q = -14. Let b be 1420/60 - l/9. Let d be (20/12)/((-1)/(-9)). Calculate the greatest common factor of d and b.
5
Let g be (104/(-20))/(6/210). Let k = g + 197. What is the greatest common factor of 35 and k?
5
Let i be 350/(-200) - 379/(-4). What is the greatest common divisor of 4929 and i?
93
Let v = -23 - -26. Suppose 4*t = i + 11 - v, -3*i + 4*t = 8. Suppose 2*w + 3*r - 18 = i, 0 = -3*r + 7*r. What is the highest common divisor of 36 and w?
9
Suppose -253 = -v + x, 3*v + 4*x - x = 771. Suppose l + d = 5*l - 265, 0 = 4*l + d - v. What is the greatest common divisor of 91 and l?
13
Suppose 3*f = 5*f - 130. Let s = 126 - -2157. Suppose 0 = s*y - 2292*y + 351. Calculate the greatest common factor of y and f.
13
Suppose 0 = -8*l + 5 + 35. Suppose -10176 = -29*g + l*g. What is the highest common divisor of g and 53?
53
Suppose 5*x - 178 = q, 0 = -3*x + 2*q + 55 + 49. Suppose -2*c = c - x. Let d be (127 - 127) + (-1)/((-2)/96). Calculate the greatest common divisor of d and c.
12
Let l = 6897 - 6872. Calculate the greatest common divisor of 675 and l.
25
Let u = -4317 - -4325. Calculate the highest common divisor of u and 1024.
8
Let v be (-92)/(-9) + (-6)/27. Let c = 163 - 150. Let w(x) = -x**3 + 10*x**2 + 40*x - 8. Let d be w(c). Calculate the highest common divisor of d and v.
5
Let x be (2 - (-77)/(-44)) + (-39787)/(-4). Calculate the greatest common divisor of 29 and x.
29
Let w be (2 - -11)/((3/138)/1). Suppose w = 4*y - 586. Let o = -188 + y. What is the highest common divisor of o and 12?
12
Suppose 0 = 655*v - 633*v - 513524. Calculate the highest common divisor of 22 and v.
22
Let j be (-1854)/(-24) + (-4)/16. Suppose 84*w - 161 = j*w. What is the greatest common divisor of w and 713?
23
Let j be 222272/966 - -40 - (-4)/(-42). What is the highest common factor of j and 486?
54
Let o = 2 + 1. Suppose -o*u + 29 - 2 = 0. Let l be 6*((-273)/(-14))/13. Calculate the highest common factor of u and l.
9
Let v(b) = -2*b**3 + 11*b**2 + 7*b - 4. Let d be v(6). Suppose -2*c - 32 = -d*f, -5*f + 4*c + 90 = 14. What is the greatest common factor of 3 and f?
3
Suppose 384*g = 300*g + 1848. Calculate the greatest common divisor of 3971 and g.
11
Let u = 644 + -636. Suppose -8*h = -106 - 150. What is the highest common factor of u and h?
8
Suppose 0 = 2*p - q - 7, -4 - 8 = -4*q. Suppose 2*h = 2*n - 0*n + 32, 0 = p*h - n - 80. Suppose m + h - 66 = 0. What is the greatest common divisor of 25 and m?
25
Let b(m) = 470*m - 137. Let y be b(22). What is the greatest common factor of 114 and y?
57
Let v(a) be the second derivative of 3*a**3/2 + 29*a**2/2 - 85*a. Let c be v(3). What is the highest common factor of 24 and c?
8
Suppose 356 = 111*h - 1211 + 457. What is the highest common factor of 3130 and h?
10
Suppose 0 = 3*f - f. Suppose 2*l + 11 - 35 = f. Suppose -4*i + l = 0, -4*z = -i - 11 - 34. Calculate the highest common divisor of z and 8.
4
Suppose -3*t + 1305 = -738. Suppose 0 = -5*l - i + 2304 - t, 5*l + 5*i = 1615. Calculate the highest common factor of l and 13.
13
Suppose -8*t + 11*t = 9. Suppose -3*j - 30 + 261 = t*h, -312 = -4*j - 2*h. Suppose 0 = 5*u - j - 1. Calculate the greatest common divisor of 4 and u.
4
Suppose -2*n + 1699 = -10*n + 6691. Calculate the highest common factor of 192 and n.
48
Let f = -48406 - -48634. Let s be 3/((-3)/(-14)) + -2. Calculate the highest common factor of f and s.
12
Let x(s) = 3*s**2 - 52*s + 766. Let y be x(12). Calculate the greatest common divisor of y and 205.
41
Let f = -17171 + 17347. Suppose -a + 4*b = -0*a - 8, -a = 2*b + 4. Let w = 22 - a. Calculate the greatest common factor of f and w.
22
Suppose -25*g + 496 = -404. Suppose -20*b + 17*b = -g. Suppose -5*f = -0*f - 15. What is the highest common factor of f and b?
3
Let y be -14 + -3*(-4)/6. Let f = y - -24. Let p(l) = -l**3 - 28*l + 132. Let q be p(0). Calculate the greatest common factor of f and q.
12
Suppose -5*g + 12 = -28. Let f be (-1 + -2)/((-30)/520). Calculate the highest common divisor of f and g.
4
Let l(z) = -z**2 + 2*z + 6. Let u be l(3). Suppose 12*b - 486 = u*b. Let i = 57 - b. What is the greatest common divisor of 2 and i?
1
Let l be (-1)/(-3) - 130/(-6). Suppose 4*b + 1404 = 8*b. Let n = b + -349. What is the highest common factor of l and n?
2
Suppose -25652 = -46*y - 0*y - 7*y. Calculate the greatest common divisor of y and 4.
4
Suppose 2*c - 3*v + 9 = 10, 0 = 5*v - 5. Let h be c/25 - 3365/(-125). What is the highest common divisor of 27 and h?
27
Suppose -4*p = -16487 + 16431. Suppose -6 = -3*r + 3. Suppose 0 = -r*g + m + 167, 5*m = 3*g - 156 - 7. What is the greatest common divisor of p and g?
14
Let d(k) = -k**2 + k + 94. Let p be d(10). Suppose -3265 = -4*m + 3*x, -9*x - 3271 = -p*m - 4*x. What is the greatest common factor of m and 22?
22
Let t(z) = -36*z - 448. Let c be t(-13). Suppose 0 = 2*l + 2*a - 414, 3*l - 3*a = 173 + 466. What is the highest common divisor of c and l?
10
Let x(g) = 2*g**3 + 4*g**2 - 3*g + 21. Let p be x(0). Let f be 13 - (-3 - -1)/2. Suppose f*u - 19*u + 210 = 0. Calculate the highest common factor of p and u.
21
Let y be 612832/288 - 2/(-18). What is the greatest common divisor of 133 and y?
133
Let f = 7589 - 4424. What is the highest common divisor of 30 and f?
15
Let g be (-1)/(13/(-2) + 6). Suppose -948 = -4*w + 4*b, -459 = -g*w - 9*b + 6*b. What is the highest common divisor of 52 and w?
26
Let g(w) = 92*w - 552. Let k be g(7). What is the greatest common divisor of 64 and k?
4
Suppose -3*g = 5*k - 76 - 17, -2*g - 4*k = -64. Suppose 5*a - 16 = -4*b, -a - 6 = -2*b + 2. What is the highest common divisor of g and b?
2
Let z(r) = -r + 6. Let y be z(6). Suppose y = 4*q - 2*s - 894, -q - s - s + 221 = 0. Let j = q - 79. What is the greatest common factor of j and 18?
18
Let h be (-416)/(-112) - (-2)/7. Let l(p) = -4*p + 2*p + 11*p**2 + 8*p - h + 15. Let z be l(-2). Calculate the highest common factor of z and 172.
43
Let p = 7590 + -7566. Suppose 7 = 2*o - 11. Calculate the highest common factor of o and p.
3
Suppose 19 = -n + 2*n. Let q = -1194 + 1232. What is the greatest common factor of n and q?
19
Suppose 14*z = 12*z - 176. Let v = z + 92. Suppose 0 = 5*w - v*n - 204, -2*w - w + 3*n = -120. Calculate the highest common factor of 11 and w.
11
Let r be (-532 - 7)*20/(-110). What is the greatest common divisor of r and 25186?
98
Let r = -1670 - -1734. Calculate the greatest common factor of r and 5184.
64
Let b be ((-4)/(-2))/(6/(-15)). Let n(w) = -w**2 - 5*w + 2. Let j be n(b). Calculate the greatest common factor of 14 and j.
2
Suppose -3*h - 16*q + 13*q = -84, -h + 34 = 3*q. Calculate the greatest common factor of 455 and h.
5
Suppose 17*b - 2455 + 1656 = 4233. What is the greatest common factor of b and 16?
8
Suppose 6*m - 248 = -146. Suppose -45 - 7248 = -13*s. What is the greatest common factor of m and s?
17
Let w be (5 - -3)*210/12. Suppose -4 = -4*b, -5*u - 3*b + 0*b = -143. What is the greatest common divisor of w and u?
28
Suppose 674*r - 760*r = -790512. What is the highest common factor of r and 16?
8
Suppose 0 = -5*v - 108*w + 107*w + 983, -4*w - 576 = -3*v. What is the highest common divisor of 4606 and v?
98
Let g be (3/(-2))/(15/(-40)). Suppose 0*b = g*b - 44. Suppose -b*y = -6*y - 300. Calculate the highest common divisor of 12 and y.
12
Let u(z) be the first derivative of z**3/3 - 7*z**2/2 - 21*z - 243. Suppose 64 = 4*x - 12. Let c be u(x). Calculate the greatest common divisor of 23 and c.
23
Let l(n) = n**3 + 11*n**2 + 21*n + 62. Let c be l(-5). What is the greatest common factor of 3959 and c?
107
Let d be -7 + 10/(10/21). Suppose b - 29 = -2*o, -11*b = 3*o - d*b - 30. Calculate the greatest common factor of 13 and o.
13
Let g = -187 - -220. Suppose z + 5*f = g, -2*z + 5*z - 5*f = 39. Suppose 1 + 17 = 3*u. Calculate the highest common divisor of u and z.
6
Let m be (-6)/(-4)*-1*(-88)/12. Let d = -34 + 53. Suppose -4*n = -157 - d. What is the greatest common divisor of m and n?
11
Let v(j) = -170*j. Let a be v(-3). Let t be 65/(26845/12567) + 4/7 + -1. What is the highest common divisor of t and a?
30
Suppose 0 = 4*z - 55 - 41. Let v(r) = 6*r - 44. Let a be v(5). Let m = -8 - a. Calculate the greatest common factor of m and z.
6
Let q = 14559 - 14529. Calculate the h